{"id":10751,"date":"2024-06-26T18:02:58","date_gmt":"2024-06-26T17:02:58","guid":{"rendered":"https:\/\/teatrodovestido.org\/blog\/?page_id=10751"},"modified":"2024-06-26T18:08:57","modified_gmt":"2024-06-26T17:08:57","slug":"teatro-do-vestido-contactos","status":"publish","type":"page","link":"https:\/\/teatrodovestido.org\/blog\/?page_id=10751","title":{"rendered":"Teatro do Vestido &#8211; contactos:"},"content":{"rendered":"\n<figure class=\"wp-block-image size-large\"><a href=\"http:\/\/teatrodovestido.org\/blog\/wp-content\/uploads\/2020\/01\/-Estelle-Valente-Teatro-S\u00e3o-Luiz-81-e1580304470816.jpg\"><img loading=\"lazy\" decoding=\"async\" width=\"1024\" height=\"682\" src=\"http:\/\/teatrodovestido.org\/blog\/wp-content\/uploads\/2020\/01\/\u00a9-Estelle-Valente-Teatro-S\u00e3o-Luiz-81-1024x682.jpg\" alt=\"\" class=\"wp-image-10127\"\/><\/a><figcaption class=\"wp-element-caption\">Foto (c) Estelle Valente<\/figcaption><\/figure>\n\n\n\n<p><strong>TdV Estrutura<\/strong><br>Direc\u00e7\u00e3o Art\u00edstica: Joana Craveiro<br>Equipa Fixa: Est\u00eav\u00e3o Antunes, Francisco Madureira, Leoc\u00e1dia Silva, T\u00e2nia Guerreiro,                               Assistente de Direc\u00e7\u00e3o Art\u00edstica: Henrique Antunes                                                                          Direc\u00e7\u00e3o de Produ\u00e7\u00e3o: Ala\u00edde Costa<br><\/p>\n\n\n\n<hr class=\"wp-block-separator has-alpha-channel-opacity is-style-dots\"\/>\n\n\n\n<p><strong>Morada:<\/strong>\u00a0Rua Neves Ferreira 11 B, 1170-273 Lisboa, Portugal<br><strong>E-mail:<\/strong>\u00a0geral@teatrodovestido.pt<br><strong>Tlm:<\/strong>\u00a0+351 91 838 88 78<br><strong>Facebook<\/strong> | <strong>Instagram<\/strong>: @teatrodovestido<\/p>\n\n\n\n<hr class=\"wp-block-separator has-alpha-channel-opacity\"\/>\n\n\n\n<figure class=\"wp-block-image size-full\"><a href=\"http:\/\/teatrodovestido.org\/blog\/wp-content\/uploads\/2024\/06\/image.png\"><img loading=\"lazy\" decoding=\"async\" width=\"1024\" height=\"196\" src=\"http:\/\/teatrodovestido.org\/blog\/wp-content\/uploads\/2024\/06\/image.png\" alt=\"\" class=\"wp-image-10738\" srcset=\"https:\/\/teatrodovestido.org\/blog\/wp-content\/uploads\/2024\/06\/image.png 1024w, https:\/\/teatrodovestido.org\/blog\/wp-content\/uploads\/2024\/06\/image-300x57.png 300w, https:\/\/teatrodovestido.org\/blog\/wp-content\/uploads\/2024\/06\/image-768x147.png 768w, https:\/\/teatrodovestido.org\/blog\/wp-content\/uploads\/2024\/06\/image-500x96.png 500w\" sizes=\"(max-width: 1024px) 100vw, 1024px\" \/><\/a><\/figure>\n\n\n\n<figure class=\"wp-block-image size-full\"><a href=\"http:\/\/teatrodovestido.org\/blog\/wp-content\/uploads\/2024\/06\/image-1.png\"><img loading=\"lazy\" decoding=\"async\" width=\"1024\" height=\"104\" src=\"http:\/\/teatrodovestido.org\/blog\/wp-content\/uploads\/2024\/06\/image-1.png\" alt=\"\" class=\"wp-image-10739\" srcset=\"https:\/\/teatrodovestido.org\/blog\/wp-content\/uploads\/2024\/06\/image-1.png 1024w, https:\/\/teatrodovestido.org\/blog\/wp-content\/uploads\/2024\/06\/image-1-300x30.png 300w, https:\/\/teatrodovestido.org\/blog\/wp-content\/uploads\/2024\/06\/image-1-768x78.png 768w, https:\/\/teatrodovestido.org\/blog\/wp-content\/uploads\/2024\/06\/image-1-500x51.png 500w\" sizes=\"(max-width: 1024px) 100vw, 1024px\" \/><\/a><figcaption class=\"wp-element-caption\"><br>O TEATRO DO VESTIDO TEM O APOIO DE<br><\/figcaption><\/figure>\n\n\n\n<figure class=\"wp-block-image size-full\"><a href=\"http:\/\/teatrodovestido.org\/blog\/wp-content\/uploads\/2024\/06\/image-2.png\"><img loading=\"lazy\" decoding=\"async\" width=\"721\" height=\"154\" src=\"http:\/\/teatrodovestido.org\/blog\/wp-content\/uploads\/2024\/06\/image-2.png\" alt=\"\" class=\"wp-image-10740\" srcset=\"https:\/\/teatrodovestido.org\/blog\/wp-content\/uploads\/2024\/06\/image-2.png 721w, https:\/\/teatrodovestido.org\/blog\/wp-content\/uploads\/2024\/06\/image-2-300x64.png 300w, https:\/\/teatrodovestido.org\/blog\/wp-content\/uploads\/2024\/06\/image-2-500x107.png 500w\" sizes=\"(max-width: 721px) 100vw, 721px\" \/><\/a><\/figure>\n","protected":false},"excerpt":{"rendered":"<p>TdV EstruturaDirec\u00e7\u00e3o Art\u00edstica: Joana CraveiroEquipa Fixa: Est\u00eav\u00e3o Antunes, Francisco Madureira, Leoc\u00e1dia Silva, T\u00e2nia Guerreiro, Assistente de Direc\u00e7\u00e3o Art\u00edstica: Henrique Antunes Direc\u00e7\u00e3o de Produ\u00e7\u00e3o: Ala\u00edde Costa Morada:\u00a0Rua Neves Ferreira 11 B, 1170-273 Lisboa, PortugalE-mail:\u00a0geral@teatrodovestido.ptTlm:\u00a0+351 91 838 88 78Facebook | Instagram: @teatrodovestido<\/p>\n","protected":false},"author":1,"featured_media":0,"parent":0,"menu_order":1,"comment_status":"closed","ping_status":"closed","template":"","meta":{"footnotes":""},"class_list":["post-10751","page","type-page","status-publish","hentry"],"_links":{"self":[{"href":"https:\/\/teatrodovestido.org\/blog\/index.php?rest_route=\/wp\/v2\/pages\/10751"}],"collection":[{"href":"https:\/\/teatrodovestido.org\/blog\/index.php?rest_route=\/wp\/v2\/pages"}],"about":[{"href":"https:\/\/teatrodovestido.org\/blog\/index.php?rest_route=\/wp\/v2\/types\/page"}],"author":[{"embeddable":true,"href":"https:\/\/teatrodovestido.org\/blog\/index.php?rest_route=\/wp\/v2\/users\/1"}],"replies":[{"embeddable":true,"href":"https:\/\/teatrodovestido.org\/blog\/index.php?rest_route=%2Fwp%2Fv2%2Fcomments&post=10751"}],"version-history":[{"count":1,"href":"https:\/\/teatrodovestido.org\/blog\/index.php?rest_route=\/wp\/v2\/pages\/10751\/revisions"}],"predecessor-version":[{"id":10752,"href":"https:\/\/teatrodovestido.org\/blog\/index.php?rest_route=\/wp\/v2\/pages\/10751\/revisions\/10752"}],"wp:attachment":[{"href":"https:\/\/teatrodovestido.org\/blog\/index.php?rest_route=%2Fwp%2Fv2%2Fmedia&parent=10751"}],"curies":[{"name":"wp","href":"https:\/\/api.w.org\/{rel}","templated":true}]}}