{"id":4250,"date":"2012-02-24T13:46:45","date_gmt":"2012-02-24T13:46:45","guid":{"rendered":"http:\/\/teatrodovestido.org\/?page_id=4250"},"modified":"2012-02-24T13:47:18","modified_gmt":"2012-02-24T13:47:18","slug":"tua","status":"publish","type":"page","link":"http:\/\/teatrodovestido.org\/blog\/?page_id=4250","title":{"rendered":"Tua"},"content":{"rendered":"<p>Estreia Galeria Z\u00e9 dos Bois, Lisboa | Junho de 2001<br \/>\nReposi\u00e7\u00e3o na Casa conveniente, Lisboa | Outubro de 2001<br \/>\nDesenvolvido em colabora\u00e7\u00e3o, com direc\u00e7\u00e3o de Joana Craveiro e interpretado por Susana Gon\u00e7alves e Joana Craveiro.<\/p>\n<p><em>Tua \u2013 pe\u00e7a sem hist\u00f3ria, feita de est\u00f3rias v\u00e1rias, cartas que se v\u00e3o dizendo, cartas que nunca s\u00e3o entregues, destinat\u00e1rios que n\u00e3o existem, solid\u00f5es e desencontros e teatros quotidianos que partilhamos todos de maneiras t\u00e3o diversas. Duas mulheres lado a lado nas aus\u00eancias e nas faltas, mas que nunca se encontram. Que partem quando tudo j\u00e1 foi dito e feito para que o encontro acontecesse. Malas vazias e mapas e b\u00fassolas que lhes faltam. Coisas que lhes doem. Tantas.<\/em><\/p>\n<p>Tua relata a hist\u00f3ria de duas mulheres, uma que escreve cartas, e que confere o nome \u00e0 pe\u00e7a, Tua, que corresponde \u00e0 assinatura no final de cada uma das cartas que escreve; e uma outra, cuja profiss\u00e3o \u00e9 precisamente distribuir essas cartas, a Carteira. Na verdade, Tua n\u00e3o relata precisamente a hist\u00f3ria destas duas mulheres, antes nos d\u00e1 fragmentos dela, sob a forma das cartas que Tua escreve, e dos relatos di\u00e1rios do vazio existencial da Carteira. Se alguma hist\u00f3ria h\u00e1 nesta pe\u00e7a, \u00e9 a do desencontro entre as duas, que culmina com uma cena final em que uma marca um encontro ao qual a outra n\u00e3o comparece. A justifica\u00e7\u00e3o \u00e9-lhes clara: \u201ch\u00e1 s\u00edtios que n\u00e3o v\u00eam em nenhum mapa\u201d. E por isso perdem-se no caminho, mas n\u00e3o na viagem, para a qual partem, cada uma por si. Esta pe\u00e7a est\u00e1 de acordo com a proposta tem\u00e1tica que pretendemos abordar na escrita para o Teatro do Vestido, a\u00a0saber, a da inquieta\u00e7\u00e3o existencial, e do desajuste quotidiano em rela\u00e7\u00e3o ao que desejamos, e o que nos \u00e9 dado. E da solid\u00e3o que representam todas essas caminhadas, que s\u00f3 muito de vez em quando nos parecem, de facto, levar a algum lado.<\/p>\n","protected":false},"excerpt":{"rendered":"<p>Estreia Galeria Z\u00e9 dos Bois, Lisboa | Junho de 2001 Reposi\u00e7\u00e3o na Casa conveniente, Lisboa | Outubro de 2001 Desenvolvido em colabora\u00e7\u00e3o, com direc\u00e7\u00e3o de Joana Craveiro e interpretado por Susana Gon\u00e7alves e Joana Craveiro. Tua \u2013 pe\u00e7a sem hist\u00f3ria, &hellip; <a href=\"http:\/\/teatrodovestido.org\/blog\/?page_id=4250\">Continue reading <span class=\"meta-nav\">&rarr;<\/span><\/a><\/p>\n","protected":false},"author":43,"featured_media":0,"parent":4244,"menu_order":0,"comment_status":"open","ping_status":"open","template":"","meta":{"footnotes":""},"class_list":["post-4250","page","type-page","status-publish","hentry"],"_links":{"self":[{"href":"http:\/\/teatrodovestido.org\/blog\/index.php?rest_route=\/wp\/v2\/pages\/4250"}],"collection":[{"href":"http:\/\/teatrodovestido.org\/blog\/index.php?rest_route=\/wp\/v2\/pages"}],"about":[{"href":"http:\/\/teatrodovestido.org\/blog\/index.php?rest_route=\/wp\/v2\/types\/page"}],"author":[{"embeddable":true,"href":"http:\/\/teatrodovestido.org\/blog\/index.php?rest_route=\/wp\/v2\/users\/43"}],"replies":[{"embeddable":true,"href":"http:\/\/teatrodovestido.org\/blog\/index.php?rest_route=%2Fwp%2Fv2%2Fcomments&post=4250"}],"version-history":[{"count":3,"href":"http:\/\/teatrodovestido.org\/blog\/index.php?rest_route=\/wp\/v2\/pages\/4250\/revisions"}],"predecessor-version":[{"id":4253,"href":"http:\/\/teatrodovestido.org\/blog\/index.php?rest_route=\/wp\/v2\/pages\/4250\/revisions\/4253"}],"up":[{"embeddable":true,"href":"http:\/\/teatrodovestido.org\/blog\/index.php?rest_route=\/wp\/v2\/pages\/4244"}],"wp:attachment":[{"href":"http:\/\/teatrodovestido.org\/blog\/index.php?rest_route=%2Fwp%2Fv2%2Fmedia&parent=4250"}],"curies":[{"name":"wp","href":"https:\/\/api.w.org\/{rel}","templated":true}]}}